*q + 4*q. What is the highest common divisor of 30 and q?
15
Let y = -1 - -43. Let q = y - 29. What is the highest common factor of q and 26?
13
Suppose -2*t = -6*t + 12. What is the highest common divisor of 75 and t?
3
Suppose -5*l = 3*w - 2035, 6*l + 407 = 7*l + w. What is the highest common factor of l and 37?
37
Let k be (40/35)/(4/7). Let p be ((-6)/(-10))/((-2)/(-10)). Calculate the highest common factor of p and k.
1
Let v(z) = -z**3 - 7*z**2 - 7*z - 7. Let c be v(-7). Let y be (3 - (-3 + 2))*c. Let s = -35747 + 35771. Calculate the greatest common factor of s and y.
24
Suppose 2429 = 8*k + 797. What is the greatest common divisor of k and 578?
34
Let o(c) = 2*c**2 + 13*c - 3. Let f be 0 - -1 - 1 - (8 - 0). Let z be o(f). What is the highest common divisor of z and 168?
21
Suppose 0 = 5*h + 15 - 25. Let p be 6/12*4/2. Let j be 3*p/3*1. Calculate the greatest common factor of h and j.
1
Let t be -94*4/(-24)*3. Let o = t + 13. Let f(x) = -10*x. Let a be f(-4). What is the highest common divisor of a and o?
20
Let s = 1043 + -763. What is the greatest common divisor of s and 105?
35
Let x = -132 + 548. What is the greatest common factor of x and 32?
32
Let d(w) be the first derivative of 14*w**2 - 24*w - 10. Let r be d(8). Calculate the highest common factor of 25 and r.
25
Let k = 1806 - 1666. Calculate the highest common factor of k and 385.
35
Suppose -36*z - 832 = -11200. Calculate the highest common divisor of 252 and z.
36
Let u(h) = -2 + 8*h**2 - 4 + 4 + h**3 - h. Let d be u(-4). Calculate the greatest common factor of 6 and d.
6
Let u(s) = -s**3 - 5*s**2 + 13*s - 7. Let y be u(-7). Suppose y - 2 = -b. What is the highest common factor of b and 5?
1
Let w be (-20)/(-8 + 4) + -2. Suppose 12 = 3*t - t. Calculate the greatest common divisor of w and t.
3
Let q(r) = r**2 + 13*r + 1. Let c be q(-14). Calculate the highest common divisor of 70 and c.
5
Let h be ((-122)/(2 + 0))/((-1)/19). Let s = h + -741. What is the highest common factor of s and 38?
38
Let s = 1130 + -1112. Let c be (-1)/((-7)/24)*7. What is the greatest common factor of c and s?
6
Let u be (3 - 3*4)*-5. Suppose -3*m + 5*a = -935, -99 - 212 = -m + 2*a. Calculate the highest common divisor of u and m.
45
Suppose 4*o - 36 = 2*o. Let l(g) = g**3 - 5*g**2 - g + 8. Let r be l(5). Suppose r*s - s = o. What is the highest common divisor of 6 and s?
3
Let r = 70 - -26. Suppose 5*a - 2*d = 68, -2*a + 4 = 5*d - 0. Calculate the greatest common factor of a and r.
12
Suppose -147 = -5*z + 3. Suppose -3*n = 3*d - 64 - 17, 0 = n + 4*d - 18. Calculate the greatest common divisor of z and n.
30
Let s = 5 + -11. Let c(z) be the first derivative of -z**4/4 - 2*z**3 - z**2 - 8*z - 28. Let j be c(s). Calculate the highest common divisor of j and 4.
4
Suppose 21*w = 25*w + 4, 5*w + 27 = 2*h. What is the highest common divisor of 88 and h?
11
Let l be ((-396)/(-154))/(5/140). Suppose 4*z - 44 = -d, z = -2*d - z + 58. Calculate the greatest common divisor of d and l.
24
Let i(q) = -q**3 - 2*q**2 - q + 9. Let d be i(0). Let o = 51 - 15. Calculate the highest common divisor of o and d.
9
Suppose 0 = -79*l + 77*l - y + 24, 40 = 4*l - 2*y. Let d = 2 + -8. Let m be (-44)/d*(-21)/(-2). What is the greatest common factor of m and l?
11
Suppose 5*y = y + 616. Let w = y - 109. Calculate the greatest common divisor of 18 and w.
9
Suppose 33*p = 30*p - 2*l + 141, 0 = 5*p + 2*l - 231. Calculate the highest common factor of 435 and p.
15
Suppose 422 = 30*r + 122. What is the greatest common factor of r and 55?
5
Let v(h) = -h**2 - 2*h + 2. Let a be v(-2). Suppose -2*s = 2*s - 4. Let n be 3*s/(6/8). Calculate the highest common divisor of n and a.
2
Let n = 66 - 30. Let p be (1/1)/((-12)/(-144)). Let q be (p/9)/(2/n). What is the greatest common divisor of 264 and q?
24
Let a = -74 - -120. Let l = -10 - -12. Suppose l*h - a = h. What is the greatest common divisor of 69 and h?
23
Suppose 58*p + 3*q = 53*p + 45, 5*p = q + 45. Let l be (3/(-2))/(27/(-36)). What is the greatest common divisor of l and p?
1
Let u = 15 + -13. Suppose u*v = 2*z + 3*z + 6, -2 = -v + 3*z. Let j(m) = 3*m - 6. Let t be j(v). Calculate the greatest common factor of 54 and t.
18
Let w(n) = -n**2 + 11*n + 3. Let m be w(11). Suppose m*y - 8 = 4. Suppose -3*a + 136 = -y*h, -a + 47 + 0 = -h. What is the greatest common factor of 26 and a?
26
Suppose 130*y - 129*y = -4*p - 8, 4*p - 8 = -5*y. What is the greatest common factor of 59 and y?
1
Let u = -159 + 463. Calculate the greatest common divisor of 16 and u.
16
Let j be 27/18*8*1. What is the greatest common divisor of j and 28?
4
Let m be ((-50)/75)/(4/(-330)). What is the greatest common divisor of 11 and m?
11
Let p(b) = -b + 20. Let o(k) = k**3 - 11*k**2 + k + 3. Let i be o(11). Let n be p(i). What is the highest common divisor of n and 66?
6
Let w(v) = -v**2 - 7*v + 6. Let n be w(-9). Let s be 0 + n/(4*-1). Suppose 0 = 2*q + 8, -s*q = 3*r - 38 + 5. What is the highest common factor of 6 and r?
3
Suppose 5*b + 2*p - 81 = -0*p, 5*b - p = 72. Let s(z) = 4*z**2 + 3*z - 2. Let q be s(-2). Let d = q + -3. What is the greatest common divisor of b and d?
5
Suppose -3*r = 3, -2 - 13 = -5*x - 5*r. Suppose 0 = -x*n + 5*m + 41, -m = n - 2*n + 10. Calculate the greatest common factor of n and 9.
9
Suppose -4*f + 0*f = 8. Let r be f/(-4) + (-833)/(-14). Calculate the highest common factor of 12 and r.
12
Let f = 2077 + -1937. Calculate the highest common divisor of 350 and f.
70
Suppose -5*q = -z - 16, 3*q = -3*z - z + 5. Suppose 3 = -2*w + q*w. Suppose -13 - 32 = -w*o. Calculate the highest common factor of 15 and o.
15
Suppose 0 = -4*b, -5 - 28 = -3*k - 5*b. Suppose -l - k - 2 = -5*i, -l + i - 5 = 0. Let u be 11/(-2)*(l + -1). Calculate the highest common divisor of 2 and u.
2
Suppose -2*x + 0*f = -2*f - 26, -3*x + 39 = f. Let p = 189 - x. What is the highest common factor of p and 16?
16
Suppose 0 = -l - 5*v - 12 + 5, 3*l - 2*v = 13. Calculate the highest common divisor of 31 and l.
1
Let g be (-30)/(-12)*(3168/(-40))/(-9). Calculate the highest common factor of 374 and g.
22
Suppose 4*h - 1482 - 886 = 0. What is the highest common divisor of h and 74?
74
Suppose -4*y + 0*y + 89 = -3*q, -5*q + 25 = 0. Let u(m) = -2*m**2 - 32*m + 22. Let v be u(-15). Calculate the highest common divisor of v and y.
26
Suppose -3*g = -w - 0*w - 10, -w = 1. Suppose -g*f = 2*f + 40. Let b be -3*(f/6)/2. What is the highest common divisor of b and 16?
2
Suppose 6*j + 0*j - 504 = 0. Calculate the highest common divisor of j and 105.
21
Let o = -1 + 6. Suppose o*p - 4 = p. Let v be -1 - -2 - (p - 36). What is the greatest common divisor of 54 and v?
18
Let k(n) = 80*n + 416. Let w be k(-5). What is the highest common factor of 1792 and w?
16
Let d(h) = 25*h - 111. Let c be d(6). What is the highest common divisor of c and 52?
13
Let s be 10*(0 + (-4)/(-8)). Suppose s*l + l = 420. What is the highest common factor of l and 28?
14
Let o be 128/(-48)*(-81)/2. Calculate the highest common divisor of o and 2052.
108
Let v = -83 - -104. What is the highest common factor of 84 and v?
21
Let c be (-20)/((-1 - 0) + 0). Suppose -5*s + 0*f + 20 = -5*f, 1 = f. Suppose -c = -s*d + 3*d. What is the highest common divisor of 50 and d?
10
Suppose 0 = -793*x + 798*x - 7965. What is the highest common factor of 27 and x?
27
Suppose 2*s - 15 = 1. Suppose 61 = 3*b - s. Suppose b = -3*h + 104. Calculate the highest common divisor of 9 and h.
9
Let h be 3 + 4/8*(-1 + -1). Let c = h - -22. What is the greatest common divisor of c and 12?
12
Let i = -19 + 8. Let x = 29 + i. Suppose 0 = -0*k - 6*k + x. Calculate the greatest common factor of k and 33.
3
Let w = 638 - 575. Calculate the highest common factor of 273 and w.
21
Suppose 1330 - 451 = 5*a + s, -2*s - 2 = 0. Calculate the greatest common divisor of a and 24.
8
Let c = -551 - -755. What is the greatest common divisor of 18 and c?
6
Let t(g) = g**3 + 14*g**2 - 12*g + 47. Let s be t(-15). What is the highest common divisor of s and 4?
2
Let g = -570 - -702. Calculate the highest common divisor of 330 and g.
66
Let w(y) = -282*y**3 - 2*y**2 - 2*y - 1. Let f be w(-1). Let i = f - 123. Let u = i + -59. What is the greatest common factor of 9 and u?
9
Let f be (132/(-110))/((-6)/230